{"id":109,"date":"2017-08-25T11:26:51","date_gmt":"2017-08-25T09:26:51","guid":{"rendered":"http:\/\/demo.canyonthemes.com\/better-health\/?page_id=109"},"modified":"2023-03-26T14:20:47","modified_gmt":"2023-03-26T12:20:47","slug":"contactez-nous","status":"publish","type":"page","link":"https:\/\/www.apset-dz.com\/index.php\/contactez-nous\/","title":{"rendered":"Contactez-nous"},"content":{"rendered":"<p>&nbsp;<\/p>\n<h1>Avez-vous des questions !<\/h1>\n<p>N&rsquo;h\u00e9sitez pas \u00e0 nous contacter \u00e0 tout moment, nous sommes \u00e0 votre disposition<\/p>\n<p>&nbsp;<\/p>\n<form class=\"wpcf7-form\" action=\"\/wp-admin\/admin-ajax.php?_panelsnonce=f62f576ae8#wpcf7-f284-o1\" method=\"post\" novalidate=\"novalidate\"><input name=\"_wpcf7\" type=\"hidden\" value=\"284\" \/><br \/>\n<input name=\"_wpcf7_version\" type=\"hidden\" value=\"4.7\" \/><br \/>\n<input name=\"_wpcf7_locale\" type=\"hidden\" value=\"fr_FR\" \/><br \/>\n<input name=\"_wpcf7_unit_tag\" type=\"hidden\" value=\"wpcf7-f284-o1\" \/><br \/>\n<input name=\"_wpnonce\" type=\"hidden\" value=\"e5fba1e46e\" \/><label> Votre nom (obligatoire)<br \/>\n<span class=\"wpcf7-form-control-wrap your-name\"><input class=\"wpcf7-form-control wpcf7-text wpcf7-validates-as-required\" name=\"your-name\" size=\"40\" type=\"text\" value=\"\" aria-required=\"true\" aria-invalid=\"false\" \/><\/span> <\/label><\/p>\n<p><label> Votre e-mail (obligatoire)<br \/>\n<span class=\"wpcf7-form-control-wrap your-email\"><input class=\"wpcf7-form-control wpcf7-text wpcf7-email wpcf7-validates-as-required wpcf7-validates-as-email\" name=\"your-email\" size=\"40\" type=\"email\" value=\"\" aria-required=\"true\" aria-invalid=\"false\" \/><\/span> <\/label><\/p>\n<p><label> Sujet<br \/>\n<span class=\"wpcf7-form-control-wrap your-subject\"><input class=\"wpcf7-form-control wpcf7-text\" name=\"your-subject\" size=\"40\" type=\"text\" value=\"\" aria-invalid=\"false\" \/><\/span> <\/label><\/p>\n<p><label> Votre message<br \/>\n<span class=\"wpcf7-form-control-wrap your-message\"><textarea class=\"wpcf7-form-control wpcf7-textarea\" cols=\"40\" name=\"your-message\" rows=\"10\" aria-invalid=\"false\"><\/textarea><\/span> <\/label><\/p>\n<p><input class=\"wpcf7-form-control wpcf7-submit\" type=\"submit\" value=\"Envoyer\" \/><\/p>\n<\/form>\n","protected":false},"excerpt":{"rendered":"<p>&nbsp; Avez-vous des questions ! N&rsquo;h\u00e9sitez pas \u00e0 nous contacter \u00e0 tout moment, nous sommes \u00e0 votre disposition &nbsp; Votre nom (obligatoire) Votre e-mail (obligatoire) Sujet Votre message<\/p>\n","protected":false},"author":2,"featured_media":0,"parent":0,"menu_order":0,"comment_status":"open","ping_status":"open","template":"","meta":[],"_links":{"self":[{"href":"https:\/\/www.apset-dz.com\/index.php\/wp-json\/wp\/v2\/pages\/109"}],"collection":[{"href":"https:\/\/www.apset-dz.com\/index.php\/wp-json\/wp\/v2\/pages"}],"about":[{"href":"https:\/\/www.apset-dz.com\/index.php\/wp-json\/wp\/v2\/types\/page"}],"author":[{"embeddable":true,"href":"https:\/\/www.apset-dz.com\/index.php\/wp-json\/wp\/v2\/users\/2"}],"replies":[{"embeddable":true,"href":"https:\/\/www.apset-dz.com\/index.php\/wp-json\/wp\/v2\/comments?post=109"}],"version-history":[{"count":10,"href":"https:\/\/www.apset-dz.com\/index.php\/wp-json\/wp\/v2\/pages\/109\/revisions"}],"predecessor-version":[{"id":1840,"href":"https:\/\/www.apset-dz.com\/index.php\/wp-json\/wp\/v2\/pages\/109\/revisions\/1840"}],"wp:attachment":[{"href":"https:\/\/www.apset-dz.com\/index.php\/wp-json\/wp\/v2\/media?parent=109"}],"curies":[{"name":"wp","href":"https:\/\/api.w.org\/{rel}","templated":true}]}}